 the prime factors of 9549.
3, 1061
What are the prime factors of 20419?
7, 2917
What are the prime factors of 10409?
7, 1487
List the prime factors of 2143.
2143
What are the prime factors of 41466?
2, 3, 6911
What are the prime factors of 14488?
2, 1811
List the prime factors of 60.
2, 3, 5
What are the prime factors of 7318?
2, 3659
What are the prime factors of 8489?
13, 653
List the prime factors of 3674.
2, 11, 167
List the prime factors of 30161.
30161
What are the prime factors of 1693?
1693
List the prime factors of 1442.
2, 7, 103
List the prime factors of 840.
2, 3, 5, 7
List the prime factors of 137244.
2, 3, 11437
List the prime factors of 46236.
2, 3, 3853
What are the prime factors of 1167?
3, 389
List the prime factors of 2411.
2411
List the prime factors of 113784.
2, 3, 11, 431
List the prime factors of 4534.
2, 2267
List the prime factors of 71670.
2, 3, 5, 2389
What are the prime factors of 61999?
7, 17, 521
List the prime factors of 2016.
2, 3, 7
List the prime factors of 310.
2, 5, 31
List the prime factors of 2598.
2, 3, 433
What are the prime factors of 62579?
11, 5689
What are the prime factors of 2548?
2, 7, 13
List the prime factors of 2529.
3, 281
What are the prime factors of 42192?
2, 3, 293
What are the prime factors of 54830?
2, 5, 5483
What are the prime factors of 12162?
2, 3, 2027
List the prime factors of 764.
2, 191
List the prime factors of 1481.
1481
List the prime factors of 1386.
2, 3, 7, 11
What are the prime factors of 23631?
3, 7877
What are the prime factors of 2224?
2, 139
List the prime factors of 12035.
5, 29, 83
What are the prime factors of 10635?
3, 5, 709
What are the prime factors of 110558?
2, 7, 53, 149
What are the prime factors of 42313?
17, 19, 131
What are the prime factors of 18844?
2, 7, 673
What are the prime factors of 6155?
5, 1231
List the prime factors of 1641.
3, 547
What are the prime factors of 43?
43
What are the prime factors of 13011?
3, 4337
List the prime factors of 46731.
3, 37, 421
List the prime factors of 982.
2, 491
List the prime factors of 3977.
41, 97
List the prime factors of 1958.
2, 11, 89
What are the prime factors of 30360?
2, 3, 5, 11, 23
List the prime factors of 60444.
2, 3, 23, 73
What are the prime factors of 150916?
2, 29, 1301
What are the prime factors of 2051?
7, 293
List the prime factors of 957.
3, 11, 29
What are the prime factors of 9793?
7, 1399
What are the prime factors of 68869?
61, 1129
What are the prime factors of 9298?
2, 4649
What are the prime factors of 30933?
3, 7, 491
List the prime factors of 22584.
2, 3, 941
List the prime factors of 3528.
2, 3, 7
List the prime factors of 2455.
5, 491
List the prime factors of 31465.
5, 7, 29, 31
What are the prime factors of 837?
3, 31
What are the prime factors of 112121?
112121
List the prime factors of 41709.
3, 13903
List the prime factors of 13826.
2, 31, 223
List the prime factors of 692.
2, 173
What are the prime factors of 22028?
2, 5507
List the prime factors of 53.
53
List the prime factors of 11100.
2, 3, 5, 37
List the prime factors of 16750.
2, 5, 67
List the prime factors of 2019.
3, 673
List the prime factors of 938.
2, 7, 67
List the prime factors of 22631.
7, 53, 61
List the prime factors of 1586.
2, 13, 61
List the prime factors of 369.
3, 41
What are the prime factors of 1465?
5, 293
List the prime factors of 181503.
3, 7, 43, 67
List the prime factors of 6113.
6113
What are the prime factors of 2647?
2647
What are the prime factors of 13637?
13, 1049
List the prime factors of 112844.
2, 28211
List the prime factors of 20467.
97, 211
List the prime factors of 627.
3, 11, 19
List the prime factors of 3520.
2, 5, 11
List the prime factors of 929.
929
List the prime factors of 3226.
2, 1613
What are the prime factors of 44806?
2, 43, 521
What are the prime factors of 652?
2, 163
List the prime factors of 7162.
2, 3581
List the prime factors of 40802.
2, 23, 887
List the prime factors of 5047.
7, 103
List the prime factors of 2108.
2, 17, 31
List the prime factors of 757.
757
List the prime factors of 4897.
59, 83
What are the prime factors of 2820?
2, 3, 5, 47
What are the prime factors of 86031?
3, 11, 79
List the prime factors of 28355.
5, 53, 107
What are the prime factors of 540?
2, 3, 5
What are the prime factors of 83055?
3, 5, 7, 113
List the prime factors of 24966.
2, 3, 19, 73
What are the prime factors of 3449?
3449
List the prime factors of 1644.
2, 3, 137
List the prime factors of 754.
2, 13, 29
What are the prime factors of 472?
2, 59
What are the prime factors of 3201?
3, 11, 97
List the prime factors of 385.
5, 7, 11
List the prime factors of 33876.
2, 3, 941
List the prime factors of 88642.
2, 23, 41, 47
What are the prime factors of 1267?
7, 181
List the prime factors of 1663.
1663
What are the prime factors of 31803?
3, 10601
What are the prime factors of 9060?
2, 3, 5, 151
What are the prime factors of 2164?
2, 541
List the prime factors of 1059.
3, 353
What are the prime factors of 67039?
7, 61, 157
List the prime factors of 18220.
2, 5, 911
List the prime factors of 4473.
3, 7, 71
What are the prime factors of 2911?
41, 71
List the prime factors of 26225.
5, 1049
List the prime factors of 105.
3, 5, 7
What are the prime factors of 49231?
7, 13, 541
What are the prime factors of 1967?
7, 281
List the prime factors of 549.
3, 61
What are the prime factors of 99221?
313, 317
What are the prime factors of 27318?
2, 3, 29, 157
What are the prime factors of 11471?
11471
What are the prime factors of 890?
2, 5, 89
What are the prime factors of 1719?
3, 191
List the prime factors of 60821.
60821
What are the prime factors of 6247?
6247
List the prime factors of 327.
3, 109
List the prime factors of 20837.
67, 311
List the prime factors of 1437.
3, 479
What are the prime factors of 26545?
5, 5309
What are the prime factors of 4135?
5, 827
List the prime factors of 7111.
13, 547
What are the prime factors of 6703?
6703
What are the prime factors of 76?
2, 19
What are the prime factors of 958?
2, 479
List the prime factors of 13398.
2, 3, 7, 11, 29
List the prime factors of 58127.
37, 1571
What are the prime factors of 5021?
5021
What are the prime factors of 3200?
2, 5
What are the prime factors of 14860?
2, 5, 743
What are the prime factors of 5042?
2, 2521
List the prime factors of 35042.
2, 7, 2503
What are the prime factors of 6246?
2, 3, 347
List the prime factors of 3744.
2, 3, 13
What are the prime factors of 175597?
89, 1973
List the prime factors of 7471.
31, 241
What are the prime factors of 1867?
1867
List the prime factors of 9285.
3, 5, 619
List the prime factors of 1631.
7, 233
List the prime factors of 18329.
18329
List the prime factors of 17881.
17881
What are the prime factors of 20564?
2, 53, 97
What are the prime factors of 4495?
5, 29, 31
What are the prime factors of 44726?
2, 11, 19, 107
What are the prime factors of 29736?
2, 3, 7, 59
What are the prime factors of 69773?
11, 6343
List the prime factors of 2084.
2, 521
List the prime factors of 13604.
2, 19, 179
List the prime factors of 47567.
13, 3659
List the prime factors of 4474.
2, 2237
List the prime factors of 6683.
41, 163
What are the prime factors of 1986?
2, 3, 331
List the prime factors of 5214.
2, 3, 11, 79
What are the prime factors of 23665?
5, 4733
List the prime factors of 82.
2, 41
List the prime factors of 1907.
1907
What are the prime factors of 23715?
3, 5, 17, 31
List the prime factors of 17828.
2, 4457
List the prime factors of 5099.
5099
List the prime factors of 1438.
2, 719
What are the prime factors of 526?
2, 263
What are the prime factors of 12373?
12373
What are the prime factors of 47187?
3, 7, 107
List the prime factors of 179799.
3, 73, 821
List the prime factors of 22766.
2, 11383
List the prime factors of 113410.
2, 5, 11, 1031
What are the prime factors of 1018?
2, 509
What are the prime factors of 6911?
6911
What are the prime factors of 30967?
173, 179
List the prime factors of 57789.
3, 6421
What are the prime factors of 7397?
13, 569
List the prime factors of 2024.
2, 11, 23
What are the prime factors of 42693?
3, 7, 19, 107
List the prime factors of 19711.
23, 857
What are the prime factors of 44179?
44179
List the prime factors of 122.
2, 61
List th